{"id":18,"date":"2021-06-27T12:16:30","date_gmt":"2021-06-27T10:16:30","guid":{"rendered":"http:\/\/uhlenmeer.phrasenreiter.de\/?page_id=18"},"modified":"2023-06-19T07:50:33","modified_gmt":"2023-06-19T05:50:33","slug":"kontakt","status":"publish","type":"page","link":"https:\/\/ferien-am-uhlenmeer.de\/index.php\/kontakt\/","title":{"rendered":"Kontakt"},"content":{"rendered":"\n<p>Haben Sie Fragen zu unserem Haus oder unseren Angeboten? Unser kompetentes Team ist gerne f\u00fcr Sie da. Schreiben Sie uns einfach eine eMail und wir setzen uns zeitnah mit Ihnen in Verbindung. Nat\u00fcrlich k\u00f6nnen Sie uns auch telefonisch erreichen oder Sie besuchen uns einfach direkt vor Ort \u2013 wir freuen uns auf Sie!<\/p>\n\n\n\n<p><strong>Am Uhlenmeer 15<br>26689 Apen<\/strong><\/p>\n\n\n\n<p>Tel.: 0173 8304659<\/p>\n\n\n\n<p><a href=\"mailto:richard.gerwig.uhlenmeer@gmail.com\">richard.gerwig.uhlenmeer@gmail.com<\/a><\/p>\n","protected":false},"excerpt":{"rendered":"<p>Haben Sie Fragen zu unserem Haus oder unseren Angeboten? Unser kompetentes Team ist gerne f\u00fcr Sie da. Schreiben Sie uns einfach eine eMail und wir &hellip;<\/p>\n","protected":false},"author":2,"featured_media":0,"parent":0,"menu_order":3,"comment_status":"closed","ping_status":"closed","template":"","meta":[],"_links":{"self":[{"href":"https:\/\/ferien-am-uhlenmeer.de\/index.php\/wp-json\/wp\/v2\/pages\/18"}],"collection":[{"href":"https:\/\/ferien-am-uhlenmeer.de\/index.php\/wp-json\/wp\/v2\/pages"}],"about":[{"href":"https:\/\/ferien-am-uhlenmeer.de\/index.php\/wp-json\/wp\/v2\/types\/page"}],"author":[{"embeddable":true,"href":"https:\/\/ferien-am-uhlenmeer.de\/index.php\/wp-json\/wp\/v2\/users\/2"}],"replies":[{"embeddable":true,"href":"https:\/\/ferien-am-uhlenmeer.de\/index.php\/wp-json\/wp\/v2\/comments?post=18"}],"version-history":[{"count":6,"href":"https:\/\/ferien-am-uhlenmeer.de\/index.php\/wp-json\/wp\/v2\/pages\/18\/revisions"}],"predecessor-version":[{"id":215,"href":"https:\/\/ferien-am-uhlenmeer.de\/index.php\/wp-json\/wp\/v2\/pages\/18\/revisions\/215"}],"wp:attachment":[{"href":"https:\/\/ferien-am-uhlenmeer.de\/index.php\/wp-json\/wp\/v2\/media?parent=18"}],"curies":[{"name":"wp","href":"https:\/\/api.w.org\/{rel}","templated":true}]}}

<p>Haben Sie Fragen zu unserem Haus oder unseren Angeboten? Unser kompetentes Team ist gerne für Sie da. Schreiben Sie uns einfach eine eMail und wir setzen uns zeitnah mit Ihnen in Verbindung. Natürlich können Sie uns auch telefonisch erreichen oder Sie besuchen uns einfach direkt vor Ort – wir freuen uns auf Sie!</p>



<p><strong>Am Uhlenmeer 15<br>26689 Apen</strong></p>



<p>Tel.: 0173 8304659</p>



<p><a href="mailto:richard.gerwig.uhlenmeer@gmail.com">richard.gerwig.uhlenmeer@gmail.com</a></p>

<p>Haben Sie Fragen zu unserem Haus oder unseren Angeboten? Unser kompetentes Team ist gerne für Sie da. Schreiben Sie uns einfach eine eMail und wir &hellip;</p>
